190.
10
Calculate the greatest common factor of 1214983 and 86800.
217
What is the greatest common divisor of 2686196 and 3294?
122
Calculate the highest common divisor of 7675 and 14518951.
307
Calculate the greatest common divisor of 111718 and 6806.
166
Calculate the highest common factor of 3980225 and 2400.
25
What is the greatest common factor of 7 and 10564169?
7
Calculate the greatest common factor of 3766869 and 1043.
149
Calculate the greatest common factor of 794676 and 1551.
141
What is the greatest common factor of 54340 and 17461?
19
What is the highest common factor of 8 and 61130371?
1
What is the highest common factor of 2736 and 384721956?
684
What is the greatest common factor of 23166429 and 11154?
429
Calculate the highest common divisor of 1427432 and 551.
19
Calculate the highest common factor of 4049 and 5300141.
4049
Calculate the greatest common factor of 1794 and 73343205.
897
Calculate the highest common divisor of 470 and 1662800.
10
What is the greatest common divisor of 97605 and 4023?
27
Calculate the highest common divisor of 14126 and 34062.
14
What is the greatest common divisor of 1029 and 73416?
21
What is the greatest common factor of 433193892 and 12?
12
What is the greatest common factor of 16992 and 7483737?
177
What is the highest common divisor of 36662704 and 9256?
104
What is the highest common factor of 705 and 1182003?
141
Calculate the greatest common divisor of 17437 and 3612420.
329
Calculate the greatest common divisor of 69679 and 2891.
59
What is the highest common factor of 4113834 and 22656?
354
What is the highest common divisor of 15462240 and 912?
48
Calculate the highest common factor of 457099284 and 72.
12
What is the greatest common divisor of 52613082 and 9136?
1142
Calculate the highest common factor of 1515699 and 9997.
769
Calculate the highest common divisor of 591102 and 306.
18
What is the highest common divisor of 12267 and 280836?
261
What is the greatest common divisor of 3489997 and 28?
7
What is the greatest common factor of 18162480 and 11685?
285
What is the highest common divisor of 74021514 and 12180?
1218
What is the greatest common factor of 37312 and 23610917?
583
What is the highest common divisor of 552 and 166056?
24
Calculate the greatest common factor of 32591 and 3052.
109
What is the greatest common divisor of 19054 and 8062564?
2722
What is the highest common divisor of 3837204 and 3612?
84
What is the greatest common divisor of 347182248 and 1036?
1036
Calculate the greatest common factor of 878 and 95854.
2
Calculate the highest common factor of 9325500 and 105.
15
What is the greatest common divisor of 34060 and 67771540?
2620
What is the greatest common divisor of 133 and 26995865?
19
Calculate the highest common divisor of 23067966 and 603.
201
Calculate the highest common divisor of 12443 and 347162.
23
What is the highest common divisor of 1121572 and 4672?
292
What is the highest common factor of 11975838 and 42?
42
What is the highest common factor of 5333970 and 696?
174
What is the highest common factor of 2 and 1017601?
1
Calculate the highest common factor of 1947 and 698978841.
1947
What is the greatest common divisor of 230424 and 15384?
24
What is the highest common factor of 17360 and 283148110?
2170
Calculate the greatest common factor of 91735 and 153055.
35
Calculate the greatest common divisor of 27 and 29342304.
27
What is the greatest common factor of 4202547 and 89348?
3191
What is the highest common divisor of 183 and 536917669?
61
Calculate the greatest common factor of 2297 and 17243579.
2297
Calculate the greatest common factor of 3398774 and 1016.
254
Calculate the highest common divisor of 355 and 333082655.
355
What is the highest common factor of 2176 and 2911451008?
2176
What is the highest common divisor of 21349 and 2140302?
37
What is the highest common divisor of 101171 and 184611?
1043
What is the greatest common divisor of 287126 and 10206?
14
Calculate the greatest common factor of 1140 and 17536560.
60
What is the highest common divisor of 1977603 and 104439?
3369
What is the greatest common factor of 722745 and 1125?
45
Calculate the greatest common divisor of 10700109 and 63.
63
What is the highest common divisor of 2691 and 435357?
117
What is the highest common divisor of 6700 and 6849475?
25
Calculate the highest common factor of 4 and 21989652.
4
Calculate the greatest common factor of 890 and 6251010.
10
What is the greatest common factor of 1708252 and 25844?
364
What is the greatest common factor of 744 and 40094904?
744
What is the greatest common factor of 189755013 and 45528?
5691
Calculate the highest common factor of 321 and 4813116.
3
What is the highest common factor of 90 and 1056366?
18
Calculate the greatest common factor of 1568374 and 342.
38
What is the greatest common factor of 2226466 and 66?
22
What is the greatest common divisor of 584 and 25395751?
73
What is the highest common divisor of 7908 and 75771820?
2636
Calculate the highest common factor of 4195696 and 5232.
16
Calculate the greatest common divisor of 36445 and 691715.
185
What is the highest common factor of 285115 and 6350?
635
Calculate the greatest common factor of 151125724 and 293172.
8884
Calculate the greatest common divisor of 187846299 and 333.
333
Calculate the greatest common divisor of 235898 and 18520736.
5486
Calculate the greatest common divisor of 35 and 14147255.
5
Calculate the highest common divisor of 543528 and 257832.
72
Calculate the highest common factor of 112 and 26122628.
28
Calculate the greatest common factor of 11119794 and 70.
14
Calculate the greatest common divisor of 559925 and 905.
5
Calculate the greatest common divisor of 708 and 5644884.
708
Calculate the highest common divisor of 18470 and 58070.
10
Calculate the highest common factor of 787136247 and 18.
9
What is the highest common factor of 102 and 6434789?
17
Calculate the greatest common factor of 542 and 29787236.
542
What is the highest common divisor of 2127 and 288068118?
2127
Calculate the highest common divisor of 393250 and 9575.
25
Calculate the highest common divisor of 676639 and 315619.
547
What is the highest common divisor of 17578847 and 429?
143
What is the greatest common factor of 5969683 and 1544?
193
What is the highest common divisor of 1183 and 307377?
7
Calculate the highest common divisor of 113642667 and 19.
19
Calculate the highest common divisor of 26569180 and 2255.
55
What is the greatest common factor of 78960 and 199515?
705
What is the highest common factor of 1479 and 680390286?
1479
Calculate the highest common factor of 3258629 and 96701.
649
Calculate the highest common divisor of 6680785 and 445.
445
What is the highest common divisor of 11440 and 4160?
1040
Calculate the greatest common divisor of 565 and 2425.
5
What is the highest common factor of 636269927 and 2094?
349
Calculate the greatest common factor of 78 and 264770961.
39
What is the greatest common divisor of 193101534 and 198?
18
Calculate the greatest common divisor of 268190 and 32630.
130
What is the greatest common divisor of 950337522 and 108?
54
What is the highest common divisor of 817226 and 203662?
2578
Calculate the highest common divisor of 1792 and 540160.
256
What is the greatest common divisor of 4050600 and 39564?
1884
Calculate the greatest common factor of 816 and 11363808.
48
Calculate the highest common divisor of 3416985 and 98901.
891
Calculate the highest common divisor of 68 and 21095827.
17
Calculate the greatest common divisor of 1260385 and 12082.
7
What is the greatest common divisor of 13 and 23973469?
13
Calculate the greatest common factor of 261 and 91046631.
87
What is the highest common factor of 2193316 and 95344?
404
What is the highest common factor of 14 and 103152070?
14
Calculate the greatest common factor of 41137265 and 130.
65
Calculate the greatest common factor of 2107121 and 321127.
4399
Calculate the greatest common factor of 1008 and 11932263.
63
What is the greatest common factor of 27128255 and 155?
155
What is the highest common divisor of 134726 and 1066943?
2173
What is the greatest common divisor of 5 and 932220815?
5
What is the greatest common divisor of 4466560 and 969084?
398